+ 9. Let c = -699 + h. List the prime factors of c.
3, 19
Let j(y) be the third derivative of y**5/20 - y**4/6 - 40*y**3/3 - 9*y**2 + y. List the prime factors of j(-20).
2, 3, 5
Let u(x) = -8*x**3 - x**2 + 9*x - 13. Let v(n) = -7*n**3 - n**2 + 9*n - 14. Let l(m) = 4*u(m) - 5*v(m). List the prime factors of l(5).
373
Let b(r) = r**3 - r**2 - r. Let n(p) = -23*p**3 + 11*p**2 + 2*p + 2. Let v(d) = -6*b(d) - n(d). List the prime factors of v(3).
2, 53
Let g = -72 + 76. Suppose 0 = -b - 10*j + 12*j + 824, -3*j = g*b - 3351. What are the prime factors of b?
2, 3, 139
Let h(b) be the first derivative of b**2 - 14*b - 15. Let u be h(7). Let l(n) = n**3 - 2*n**2 - n + 23. What are the prime factors of l(u)?
23
List the prime factors of ((-76599)/(-6))/(153/102).
3, 2837
Suppose -4*f + 40 = 4*z, 3*z - 51 = -5*f - 11. Suppose 0 = 5*w - 5*n - 277 - 2698, -2*n - 2972 = -z*w. List the prime factors of w.
2, 3, 11
What are the prime factors of (-13567125)/(-234) - 15/(-18)?
2, 5, 13, 223
Suppose -21*j = -17*j - 12. Suppose -h - o + 267 = -j*h, 4*o = 2*h + 252. Let v = h + 285. List the prime factors of v.
149
Let t = -57 + 49. What are the prime factors of (-3168)/(-24) + t/(-2)?
2, 17
Let t(a) = 2*a**3 - 15*a**2 - 27*a - 9. Let k be t(11). Let h = k - 172. What are the prime factors of h?
3, 41
Let y(r) = -r**2 - 12*r - 15. Let h be y(-2). Suppose 5*t = -5*n + 1490, 2*t + h*n = 363 + 239. List the prime factors of t.
2, 37
Let l(b) = -b**2 + 5*b + 5. Let h be l(8). Let v(a) = 2*a + 8. Let j be v(h). What are the prime factors of 29*3*(-5)/(j/4)?
2, 29
Suppose q + 23*j - 24*j = 4542, -5*j + 20 = 0. What are the prime factors of q?
2, 2273
Let s(d) be the second derivative of -d**4/12 - 3*d**3 + 2*d**2 + 19*d. Let z be s(-9). List the prime factors of -9 + 13 + (z - 0).
89
Let o(z) = -6*z - 24. Let n be o(-5). Suppose 2*l = -4*t + n*t - 322, 0 = -5*t - 4*l + 814. Suppose -4*x + t = -290. List the prime factors of x.
113
Let b = 10299 - 6978. Let a = b - 1533. List the prime factors of a.
2, 3, 149
Let b be 8*2 - 3/((-12)/(-16)). Let p(k) = 6*k + 61. What are the prime factors of p(b)?
7, 19
Suppose -21*x = -20*x + 4*o + 9, 3*o - 17 = 4*x. What are the prime factors of x + 4 - 1284/(-2)?
641
Suppose -334*y + 14 = -332*y. Suppose 0 = 3*f - y*f + 5*r + 507, -2*r - 498 = -4*f. List the prime factors of f.
3, 41
Suppose -14331 = -13*l + 775. Suppose 8*o = 10*o - l. Suppose -9*c + o = -2*c. What are the prime factors of c?
83
Let n = -2599 - -39709. List the prime factors of n.
2, 3, 5, 1237
Let z(c) be the second derivative of -3*c**4/2 + c**3/3 + c**2 - 17*c. Let b be z(-1). Let f = b + 36. List the prime factors of f.
2, 3
Let n(a) = 401*a + 5206. List the prime factors of n(6).
2, 11, 173
Let f(z) be the first derivative of -3*z**2/2 - 7*z - 3. Let v be f(-14). Suppose 3*k + v - 410 = 0. List the prime factors of k.
5
Let o be (-299616)/(-68) + (-2)/17. Suppose 0 = 21*l + 353 - o. List the prime factors of l.
193
Let l(u) = -7*u + 3. Let a(n) = n**2 - 5*n - 3. Let v be a(6). Suppose -7 = p + v. What are the prime factors of l(p)?
73
Let y(r) be the third derivative of 23*r**7/5040 - r**6/18 - 11*r**5/30 - 29*r**2. Let j(f) be the third derivative of y(f). List the prime factors of j(8).
2, 3
Let b(u) = 4*u**2 - 15*u + 7. Let x be b(3). What are the prime factors of (-2)/x*(131 - 0)?
131
Suppose 28*m - 31*m = -1797. Let x = -336 + m. List the prime factors of x.
263
Suppose 3*f + 5*b = 54461, 0 = -17*f + 20*f - 4*b - 54452. What are the prime factors of f?
2, 2269
Suppose 0 = -16*q - 1026 - 318. Let z = q - -419. What are the prime factors of z?
5, 67
Let f = -1846 - -4494. List the prime factors of f.
2, 331
Let n = 10959 - -4232. What are the prime factors of n?
11, 1381
Suppose -3*l + 3*a + 4 = -29, -5*l = -3*a - 47. Let o(i) = 104*i + 62. List the prime factors of o(l).
2, 5, 79
Suppose 5*j = -4*u + 109053, -14*j + 5*u = -15*j + 21798. List the prime factors of j.
3, 11, 661
Let q(n) = -2646*n**2 + 6*n - 25 + 22*n + 2645*n**2. Let u be q(26). Suppose 25*o = u*o - 256. What are the prime factors of o?
2
Let i(p) = 361*p**2 - 271*p + 147. What are the prime factors of i(13)?
3, 19211
Let n(c) = -2*c**2 + 10*c + 4. Let h be n(5). Let f be (h*(-2)/(-12))/(4/1236). Suppose 3*g + 2*p + 2*p - 161 = 0, 4*g - f = -p. List the prime factors of g.
3, 17
Let u be (21/6)/(3/12). Suppose u*c + 12*c = 3458. List the prime factors of c.
7, 19
Let w(f) be the first derivative of 7*f**4/2 + 2*f**3 - 3*f**2/2 - 7*f + 74. List the prime factors of w(3).
2, 13
Let d be (1 - (-3)/1) + -4. Let o = d - -5. Suppose 3*q + 119 - 753 = -o*v, 386 = 3*v - q. What are the prime factors of v?
2
Suppose -3*t + 962 = q, -5*q + 1318 = 3*t + 372. Let v = t + 49. What are the prime factors of v?
7, 53
Let j be 4 - ((-16)/56 + (-2)/(-7)). Suppose 2*x - 20*a + 18*a - 1594 = 0, 2398 = 3*x + j*a. List the prime factors of x.
2, 3, 7, 19
Let o = -141 + 197. Let b = -1850 - -1854. Let m = o + b. List the prime factors of m.
2, 3, 5
What are the prime factors of ((-24)/120)/((-4)/149020)?
7451
Let b = -43 - -29. List the prime factors of b - -5 - (-8 - 112).
3, 37
Suppose 4*w - 3 - 13 = 0. Suppose -5*m + 162 - 142 = 0. Suppose w*n = 16, 3*a + 0*a - 28 = -m*n. List the prime factors of a.
2
Let w = 366 - 227. Let a = 39 + w. List the prime factors of a.
2, 89
Suppose 0 = -3*j + 3*a + 3, -3*j - 3*a - 4 - 5 = 0. Let l be (0/(-11))/(-1 + j - -3). Suppose 0 = 5*c - l*c - 10. What are the prime factors of c?
2
Suppose 0 = -3*f - f + 232. Suppose 194 + f = 9*i. Suppose -i*m - 774 = -34*m. List the prime factors of m.
3, 43
Let n(h) = -3*h + 9. Let g be n(6). Let u(w) = 2*w**2 + 20*w - 12. Let l be u(g). What are the prime factors of 15/l*(-334)/1?
167
Suppose 227*o = 230*o + 3*s - 187992, -5*o = s - 313348. What are the prime factors of o?
7, 1279
Let n(z) = z**3 + 12*z**2 + 3*z - 6. Let h be (-14)/(-7) - (1 - 1). Suppose 0*a + 2*a + h = 0, -30 = 3*o - 3*a. List the prime factors of n(o).
2, 41
Let u(v) = 267*v**3 + v**2 + v - 6. Let o be u(-2). Let g = -733 - o. List the prime factors of g.
3, 7, 67
Suppose 331 = -3*p + 5*r, 0 = p + p + 2*r + 242. Let s = -15 + 9. List the prime factors of (16/s)/(6/p).
2, 13
Let w be (-180)/(-4)*(4 + (-168)/15). Let d = w - -410. List the prime factors of d.
2, 43
Let y(u) be the third derivative of -u**6/120 + u**5/6 + u**4/6 + 5*u**3/2 - 30*u**2. List the prime factors of y(6).
3, 61
Let z(s) be the first derivative of s**4/4 + 8*s**3/3 - 21*s**2/2 - 5*s + 12. Let t be z(-10). List the prime factors of (-7 - -12)*26/t.
2, 13
Let o be 81/(-12) + 1/(-4). Let z(l) be the first derivative of -l**3/3 - 7*l**2/2 + 10*l - 92. List the prime factors of z(o).
2, 5
Suppose 167281 + 35867 = 76*s. What are the prime factors of s?
3, 11
Let z(u) = -u**3 - 30*u**2 - 124*u + 31. Let y be z(-25). Suppose 294 + 840 = y*x. What are the prime factors of x?
3, 7
List the prime factors of (-94591)/(-42) + 2/(-12).
2, 563
Suppose -3*r - 3*x + 1521 = 0, 4*x = 27*r - 26*r - 492. List the prime factors of r.
2, 3, 7
Let u = 825 - 821. Suppose -3*v - 1883 = -i - 8*v, u*i + 2*v = 7622. List the prime factors of i.
2, 3, 53
Suppose g = -0*g + 4. Let i = 279 + -283. What are the prime factors of (-191)/i + g/16?
2, 3
Let w(q) = 2*q - 21. Let k be w(15). Suppose -4*z = -k*z + 790. Let v = z - -22. What are the prime factors of v?
2, 3, 5
Let l(z) = 63*z**2 - 19*z + 113. What are the prime factors of l(7)?
3067
Let k(x) = -268*x**3 - x. Let p be k(-1). Let y = 189 + p. What are the prime factors of y?
2, 229
Let m be ((-4)/(-30))/((-28)/(-378))*10. Suppose 45*s = m*s + 5562. What are the prime factors of s?
2, 103
Let v(l) be the third derivative of -7/6*l**3 + 0*l + 20*l**2 - 7/24*l**4 + 0. What are the prime factors of v(-10)?
3, 7
Suppose 0 = 58*m - 64*m + 8526. Let g = m - 716. What are the prime factors of g?
3, 5, 47
Let w(h) = -9*h**3 - 13*h**2 - 4*h + 12. Let r be w(-3). Let y = 122 - 26. Let z = r - y. List the prime factors of z.
2, 3
Suppose 2*c = 7*c - 5620. Let p = c - 685. What are the prime factors of p?
439
Let c be ((1 - -1)*-1)/((-1)/2). Suppose -2*v + c*v - 2*m + 8 = 0, -1 = -v + 2*m. Let b = v + 169. List the prime factors of b.
2, 5
Suppose 35*o - 5360626 - 1867751 = -82*o. 